he prime factors of 120346?
2, 19, 3167
What are the prime factors of 34590?
2, 3, 5, 1153
What are the prime factors of 4346?
2, 41, 53
List the prime factors of 2456.
2, 307
What are the prime factors of 1603?
7, 229
List the prime factors of 9378.
2, 3, 521
List the prime factors of 18044.
2, 13, 347
What are the prime factors of 25709?
47, 547
What are the prime factors of 10320?
2, 3, 5, 43
What are the prime factors of 21563?
21563
List the prime factors of 158953.
23, 6911
What are the prime factors of 33338?
2, 79, 211
List the prime factors of 429.
3, 11, 13
List the prime factors of 5753.
11, 523
List the prime factors of 2602.
2, 1301
What are the prime factors of 9181?
9181
What are the prime factors of 940?
2, 5, 47
List the prime factors of 3084.
2, 3, 257
What are the prime factors of 2591?
2591
What are the prime factors of 145740?
2, 3, 5, 7, 347
List the prime factors of 1383.
3, 461
List the prime factors of 346.
2, 173
What are the prime factors of 1362?
2, 3, 227
What are the prime factors of 41516?
2, 97, 107
List the prime factors of 14407.
14407
What are the prime factors of 29939?
7, 13, 47
What are the prime factors of 23264?
2, 727
What are the prime factors of 6763?
6763
What are the prime factors of 69024?
2, 3, 719
What are the prime factors of 29744?
2, 11, 13
List the prime factors of 119562.
2, 3, 19927
What are the prime factors of 823?
823
What are the prime factors of 2058?
2, 3, 7
What are the prime factors of 3969?
3, 7
What are the prime factors of 992?
2, 31
What are the prime factors of 2459?
2459
What are the prime factors of 7639?
7639
List the prime factors of 49.
7
What are the prime factors of 2145?
3, 5, 11, 13
What are the prime factors of 7478?
2, 3739
What are the prime factors of 5279?
5279
List the prime factors of 13089.
3, 4363
List the prime factors of 13255.
5, 11, 241
List the prime factors of 977.
977
List the prime factors of 25929.
3, 43, 67
List the prime factors of 444.
2, 3, 37
List the prime factors of 59204.
2, 19, 41
List the prime factors of 37551.
3, 12517
What are the prime factors of 1870?
2, 5, 11, 17
What are the prime factors of 51913?
51913
List the prime factors of 22577.
107, 211
List the prime factors of 739.
739
List the prime factors of 314.
2, 157
What are the prime factors of 1132?
2, 283
What are the prime factors of 171552?
2, 3, 1787
List the prime factors of 1172.
2, 293
List the prime factors of 9555.
3, 5, 7, 13
What are the prime factors of 1631?
7, 233
What are the prime factors of 7165?
5, 1433
What are the prime factors of 37381?
29, 1289
What are the prime factors of 2657?
2657
What are the prime factors of 113365?
5, 7, 41, 79
What are the prime factors of 24265?
5, 23, 211
List the prime factors of 38179.
73, 523
What are the prime factors of 10248?
2, 3, 7, 61
What are the prime factors of 27073?
27073
What are the prime factors of 53863?
61, 883
What are the prime factors of 4730?
2, 5, 11, 43
What are the prime factors of 366?
2, 3, 61
What are the prime factors of 21756?
2, 3, 7, 37
What are the prime factors of 28925?
5, 13, 89
What are the prime factors of 2434?
2, 1217
List the prime factors of 4798.
2, 2399
List the prime factors of 2814.
2, 3, 7, 67
What are the prime factors of 11152?
2, 17, 41
List the prime factors of 19544.
2, 7, 349
What are the prime factors of 217?
7, 31
List the prime factors of 17270.
2, 5, 11, 157
What are the prime factors of 1996?
2, 499
List the prime factors of 93330.
2, 3, 5, 17, 61
What are the prime factors of 3350?
2, 5, 67
List the prime factors of 76148.
2, 19037
List the prime factors of 1487.
1487
What are the prime factors of 85178?
2, 42589
List the prime factors of 1177.
11, 107
List the prime factors of 4694.
2, 2347
List the prime factors of 4148.
2, 17, 61
What are the prime factors of 5668?
2, 13, 109
What are the prime factors of 4156?
2, 1039
List the prime factors of 98878.
2, 13, 3803
What are the prime factors of 459?
3, 17
What are the prime factors of 4629?
3, 1543
List the prime factors of 18784.
2, 587
List the prime factors of 20808.
2, 3, 17
What are the prime factors of 3626?
2, 7, 37
What are the prime factors of 1251?
3, 139
List the prime factors of 29404.
2, 7351
List the prime factors of 26930.
2, 5, 2693
What are the prime factors of 3677?
3677
List the prime factors of 1726.
2, 863
What are the prime factors of 18?
2, 3
List the prime factors of 5763.
3, 17, 113
List the prime factors of 8380.
2, 5, 419
List the prime factors of 19239.
3, 11, 53
List the prime factors of 380.
2, 5, 19
List the prime factors of 114181.
227, 503
List the prime factors of 122668.
2, 7, 13, 337
List the prime factors of 46762.
2, 103, 227
List the prime factors of 78557.
17, 4621
List the prime factors of 2087.
2087
List the prime factors of 3662.
2, 1831
List the prime factors of 27697.
27697
List the prime factors of 26593.
7, 29, 131
List the prime factors of 80267.
11, 7297
List the prime factors of 1817.
23, 79
What are the prime factors of 25180?
2, 5, 1259
What are the prime factors of 2412?
2, 3, 67
List the prime factors of 6704.
2, 419
List the prime factors of 534.
2, 3, 89
What are the prime factors of 2504?
2, 313
What are the prime factors of 99552?
2, 3, 17, 61
What are the prime factors of 3744?
2, 3, 13
What are the prime factors of 40080?
2, 3, 5, 167
List the prime factors of 6504.
2, 3, 271
What are the prime factors of 8335?
5, 1667
List the prime factors of 6455.
5, 1291
List the prime factors of 6860.
2, 5, 7
List the prime factors of 80751.
3, 11, 2447
List the prime factors of 981.
3, 109
List the prime factors of 6186.
2, 3, 1031
List the prime factors of 287.
7, 41
List the prime factors of 2630.
2, 5, 263
List the prime factors of 487.
487
What are the prime factors of 161358?
2, 3, 26893
List the prime factors of 20752.
2, 1297
What are the prime factors of 96524?
2, 59, 409
List the prime factors of 1510.
2, 5, 151
What are the prime factors of 3495?
3, 5, 233
What are the prime factors of 15737?
15737
List the prime factors of 14443.
11, 13, 101
List the prime factors of 2474.
2, 1237
What are the prime factors of 6675?
3, 5, 89
What are the prime factors of 44621?
44621
What are the prime factors of 5490?
2, 3, 5, 61
What are the prime factors of 391?
17, 23
What are the prime factors of 246?
2, 3, 41
What are the prime factors of 630?
2, 3, 5, 7
What are the prime factors of 2998?
2, 1499
What are the prime factors of 3714?
2, 3, 619
List the prime factors of 44901.
3, 1663
What are the prime factors of 65975?
5, 7, 13, 29
List the prime factors of 1438.
2, 719
What are the prime factors of 955?
5, 191
List the prime factors of 62981.
62981
List the prime factors of 4812.
2, 3, 401
List the prime factors of 10640.
2, 5, 7, 19
What are the prime factors of 531?
3, 59
List the prime factors of 30279.
3, 10093
List the prime factors of 5625.
3, 5
List the prime factors of 742.
2, 7, 53
List the prime factors of 14105.
5, 7, 13, 31
What are the prime factors of 1174?
2, 587
List the prime factors of 1085.
5, 7, 31
What are the prime factors of 8305?
5, 11, 151
What are the prime factors of 72?
2, 3
What are the prime factors of 38650?
2, 5, 773
List the prime factors of 22194.
2, 3, 137
What are the prime factors of 672?
2, 3, 7
List the prime factors of 1361.
1361
List the prime factors of 4489.
67
List the prime factors of 5876.
2, 13, 113
What are the prime factors of 15418?
2, 13, 593
List the prime factors of 4361.
7, 89
What are the prime factors of 504?
2, 3, 7
What are the prime factors of 8469?
3, 941
List the prime factors of 14164.
2, 3541
What are the prime factors of 26770?
2, 5, 2677
List the prime factors of 1167.
3, 389
What are the prime factors of 6505?
5, 1301
List the prime factors of 1725.
3, 5, 23
What are the prime factors of 154?
2, 7, 11
What are the prime factors of 79584?
2, 3, 829
What are the prime factors of 20095?
5, 4019
List the prime factors of 3157.
7, 11, 41
What are the prime factors of 3440?
2, 5, 43
What are the prime factors of 57904?
2, 7, 11, 47
What are the prime factors of 30?
2, 3, 5
What are the prime factors of 15653?
11, 1423
List the prime factors of 4239.
3, 157
List the prime factors of 12154.
2, 59, 103
List the pr